it of i?
9
What is the hundreds digit of (135/(-6))/5*1788/(-18)?
4
What is the units digit of 3619/98*18 + (-8)/(-28)?
5
Suppose 19*c - 23*c - 2*s = -224, -2*c + 6*s + 140 = 0. What is the units digit of c?
8
Suppose -3*w = -2*h - 16 + 600, -2*w - 3*h = 385. Let s be w/(-3) + (-4)/6. Let g = -23 + s. What is the units digit of g?
1
Let b(v) = -7*v + 3. Let o(a) = -a**2 + a + 1. Let m(u) = -b(u) - 5*o(u). What is the units digit of m(4)?
0
Suppose -5*m - r - 3*r = -38, 3*m + 3*r - 24 = 0. Suppose 0 = 12*i - m*i - 498. What is the tens digit of i?
8
Let c = 227 + -241. Let x(r) = -r**3 + 5*r**2 + r - 4. Let j be x(5). Let m = j - c. What is the units digit of m?
5
Let a(c) = c + 1. Let t be a(1). Suppose 0*q = -t*q. Suppose 0 = -5*i - 5*y + 10, -5*i - y - 3*y + 9 = q. What is the units digit of i?
1
Let c(r) = 15*r**2 + 18*r - 12. What is the hundreds digit of c(-11)?
6
Let a(g) = 129*g**3 - 4*g**2 + 56*g - 154. What is the thousands digit of a(3)?
3
Suppose -4*y - 5*v - 7314 = -1322, y + 1498 = -2*v. What is the units digit of 1/3 + 0 - y/6?
0
Let v be (-2)/4 + 465/30. Let h = v + -8. Suppose 0 = -2*a - 4*f + 26, 0 = a - 5*f + 15 - h. What is the units digit of a?
7
Let i(g) = -g**3 + 11*g**2 - 8*g + 12. Let v = 12 - 12. Suppose s = 5*x - 46, v = 3*s - 12. What is the units digit of i(x)?
2
Suppose o + o - k = 18, -4*o + 3*k + 36 = 0. Let c be (2 - (-1 - -2))*-8. Let y = o + c. What is the units digit of y?
1
Let x = -54 + 427. What is the hundreds digit of x?
3
Let c = 63 - 33. Suppose -q + c = 139. Let d = q + 176. What is the tens digit of d?
6
Let j be (-126)/8*208/39. What is the tens digit of ((-16)/(-6))/((-8)/j)?
2
Let w(u) = 2*u**2 + 6*u + 22. Let g be w(-6). Suppose 0 = 4*v - g - 210. What is the units digit of v?
7
Let c = -6 - -8. Suppose -99 = 2*d + 4*p - 549, -3*d - 4*p = -665. Suppose 0 = 5*s + v + c*v - d, s - v = 51. What is the units digit of s?
6
Let d(r) = 282*r + 29. What is the tens digit of d(3)?
7
Let y = 1295 + -1227. What is the tens digit of y?
6
Let m = 1708 + -877. What is the tens digit of m?
3
Let h = -400 + 808. What is the units digit of h?
8
Let g(s) = -3 + s - 15*s + 8*s + 3*s. Let t be g(-2). Suppose 6*r = t*r + 54. What is the tens digit of r?
1
Let h = -18 - -20. Let i(f) = 10*f**3 - 3*f**2 + 2*f + 1. What is the tens digit of i(h)?
7
Suppose 7*f - 1049 = 6413. What is the hundreds digit of f?
0
What is the hundreds digit of 1*(-2 + 1)*(-1 + -336)?
3
Suppose 3*u - 5*n = -22, -5*u - 5*n = -2*u - 28. Suppose -u = g - 7. What is the units digit of -10 + 12 - (0 - g)?
8
Let b be (-1 - 0) + (6 - -3). Suppose 13*c - b*c = 15. What is the units digit of (33*(-2 + c))/1?
3
Let o(v) = 1 - 3*v**2 - 10*v**2 + v**3 + 7*v + 12 + 2. What is the units digit of o(13)?
6
Suppose 4*o - 12198 = -242. What is the hundreds digit of o?
9
Let o(t) = -4*t + 60. Let x be o(18). Let u(a) = a**3 + 12*a**2 - 3*a - 22. What is the tens digit of u(x)?
1
Suppose -t - 4 = -3, -5*b - 4*t + 1026 = 0. Suppose -5*u + 79 = -b. Suppose -3*k + u = -21. What is the units digit of k?
6
Let k(g) = -6*g**3 - 56*g**2 - 24*g - 5. Let w(d) = d**3 + 11*d**2 + 5*d + 1. Let o(j) = -2*k(j) - 11*w(j). What is the tens digit of o(10)?
2
Suppose -104 - 571 = -3*c. Let j = c + -118. What is the tens digit of j?
0
Let q(f) = -2*f**2 - 4*f - 3. Suppose -2*m - 10 + 4 = 0. Let h be q(m). What is the tens digit of ((-6)/5)/(h/150)?
2
Suppose 27*a - 19*a - 2608 = 0. What is the units digit of a?
6
Suppose 19*s - 20*s - 3 = 0. Let j(c) = -14*c - 5. What is the units digit of j(s)?
7
Let o(z) = 132*z**2 - 6*z - 16. What is the thousands digit of o(-4)?
2
Suppose -173*h + 66 = -170*h. What is the tens digit of h?
2
Let f(b) = -37*b + 61. What is the tens digit of f(-12)?
0
Let t be 2/(3/(-21)*-1). Let x be 21/t*88/(-6). Let j = x - -60. What is the tens digit of j?
3
Suppose 6*t + 104 = 10*t. Let g be (4/(-3))/((-2)/3). Suppose -g*q + q = -t. What is the tens digit of q?
2
Suppose -2*j = 3*b - 4, -5*b + j + j = -12. What is the units digit of ((-23)/b)/(3/(-6))?
3
Let k(l) = 70*l**2 + 90*l + 277. What is the units digit of k(-3)?
7
Let v = 8067 + -3174. What is the thousands digit of v?
4
Let x(h) = 5 + 2*h + 8*h**2 + 5*h**2 - 23*h**2 + 14*h**2. What is the units digit of x(-5)?
5
Suppose 4 = 5*w - 16. Let k(p) = 2*p**3 - 4*p**2 + 3*p - 1. Let t be k(2). Suppose v = 4*u, t*u = w*v - 8 - 36. What is the units digit of v?
6
Suppose x - 20 = -4*x. Let k = 241 + -242. What is the tens digit of k/2 - (-130)/x?
3
Suppose 0 = -3*f + 4*p + 5006, -1 + 21 = -4*p. What is the units digit of f?
2
Let z(g) = 4*g + 13. Let m be z(-4). Let o = m + 139. What is the units digit of o?
6
Let h(i) = -4*i**3 - 37*i**2 - 11*i + 14. What is the units digit of h(-10)?
4
Suppose -26 = s - 3*t, 0 = -7*s + 2*s - 5*t - 150. Let n = s - 15. What is the tens digit of (n/2)/(8 - 10)?
1
Suppose 5*q + 2360 = -5*z, 4*z - 7*q + 1888 = -2*q. Let g = -312 - z. What is the tens digit of g?
6
Let i be 1*((-1)/1 + 8). Let k be i + -3*(-3 - -4). Suppose s = -m + k, -m - 2 = s + 2*m. What is the units digit of s?
7
Suppose 5*a - 85 = -2*h + h, -110 = -5*a + 4*h. Let b be 4/(-30) + (-224)/(-105). Suppose -b*z + a = -z. What is the units digit of z?
8
Suppose 51 = 5*o + 4*u, -47 = -5*o - 0*u - 3*u. Let h(s) = 6*s - 18. What is the units digit of h(o)?
4
Suppose -2*a + i = -5*a + 13, -4*i - 8 = 0. Suppose -x + a*t = 3*t - 46, 5*x + 2*t - 218 = 0. What is the tens digit of x?
4
Let q(x) = -x**3 - 2*x**2 - 6*x - 1. Let l be q(-3). Let a = l - 21. What is the units digit of a?
5
What is the hundreds digit of (-50)/(-10) - (-1850)/2?
9
Let l be 6*3/(-6)*(-5)/1. What is the units digit of (l/12*-1)/((-2)/232)?
5
Let x(i) = -i**3 - 11*i**2 - 11*i - 6. Let m be x(-8). Let l = m + 61. Let n = l - -78. What is the tens digit of n?
2
Suppose 5*t = -m + 187, 3*m + 3*t - 621 = 8*t. What is the hundreds digit of m?
2
Let f be (-5 + 6)*10/2. Suppose f*q - 12 = 8. Let z(d) = 3*d**2 - 5*d - 3. What is the units digit of z(q)?
5
Suppose 4*a + 3*m - m = 2414, 3045 = 5*a - 3*m. What is the hundreds digit of a?
6
Suppose -178 - 2 = -6*n. Suppose -3*v + 5 = -r + 4, -3*r - 3*v + 21 = 0. Suppose -2*q + 60 = r*i + 3*q, 5*i = q + n. What is the units digit of i?
7
Let n(z) = z**3 + 63. Suppose -3*r + 15 = 2*w + w, 5*r + 3*w = 15. What is the tens digit of n(r)?
6
Suppose -1 = -4*i + 7. Let f = 5 + 7. Suppose 0 = -3*x - i*p - 2*p + 45, f = -4*p. What is the tens digit of x?
1
Suppose -4*c + 12 = -c. Suppose 0 = -4*k - k - 25, n - 30 = -c*k. What is the units digit of 4/(-8) + n/4?
2
Let f(w) = -3*w - w + 3*w**2 - 9 - w**2. What is the units digit of f(-4)?
9
Let f = 38 - 34. Suppose 0*i + 245 = 2*i - 3*b, 0 = -4*i - f*b + 440. What is the units digit of i?
5
Let t = 299 - -96. Suppose -10*r = -645 - t. What is the units digit of r?
4
Suppose -4*t = -5*u + 5, -2*t = 2*u - 6 + 4. Suppose -f - 13*f + 854 = t. What is the units digit of f?
1
Let j(g) = -g + 7. Let q be j(8). What is the tens digit of q*1 - -30*21/14?
4
Let t(n) = n**3 + 9*n**2 + 5*n + 6. Let x(z) = z**3 + 9*z**2 - 8. Let w be x(-9). Let m be t(w). Suppose s + s = m. What is the tens digit of s?
1
Suppose -959 = -2*a - v, 3*a - 2*a - 487 = -3*v. What is the tens digit of a?
7
Let f(l) = 8*l - 33. Let u be f(12). Suppose 3*r = -2*w - r - 74, -134 = 4*w + r. Let d = u + w. What is the tens digit of d?
3
Suppose 9*j = 7*j - 538. Let o = j + 496. What is the hundreds digit of o?
2
Let u(r) = -2*r**3 - 13*r**2 - 3*r - 12. Let h be u(-9). Suppose t + 5*t = h. What is the units digit of t?
0
Suppose -p = -3*f - 1221 - 1612, p = -f + 2825. What is the units digit of p?
7
Let l be 1/((-24)/(-5) - 5). What is the hundreds digit of 55/(-10) - l - (-825)/6?
1
Suppose 8*l = 3*l + 2*y + 1498, -3*y + 903 = 3*l. Let g = l + -209. What is the units digit of g?
1
Suppose -5*s = 2*n - 47, -3*s + 146 = n + 4*n. Suppose 2*v - 24 = 3*b + n, -v = -5*b - 80. What is the units digit of (35/b)/((-2)/12)?
4
Suppose 2*m + 110 = 3*w - 0*w, -3*m - 3 = 0. Let b = 62 - w. What is the units digit of b?
6
Let c be 16/(-8) + (3 - -1). Suppose 0 = 5*j + c*r - 25, 4*r = 18 + 2. What is the units digit of j?
3
Let p = 92 - 40. Let l be -17*((-1)/1 + 2). Let m = p + l. What is the tens digit of m?
3
Suppose -